e units digit of w?
7
Suppose 0 = q + 2*q + 2*x + 9, 0 = -4*q - 5*x - 12. Let p be (-2)/7 + (-76)/28. What is the tens digit of q*(-1 + 12/p)?
1
Let x = 9682 + -229. What is the tens digit of x?
5
Let y(f) = -7*f - 7. Let j be y(2). Let z be (-94)/(-2)*j/(-3). Suppose -171 = -10*m + z. What is the units digit of m?
0
Let v(n) = -n**2 + 2*n + 4. Let u be v(2). Let y(l) = l**2 + 14*l + 14. Let b be y(-14). What is the tens digit of (4/b)/(u/1204)?
8
Suppose z + 1 = -5. Let p be 2261/51 - (-2)/z. Suppose 3*d = -4*l + 195, l + d - p = 5*d. What is the tens digit of l?
4
Let w(y) = -11*y**2 - 2*y + 4. Let z be w(-9). Let d = z - -1480. What is the units digit of d?
1
Let t = 567 - 805. Let j = 618 - t. What is the hundreds digit of j?
8
Let a = 18463 - 4336. Suppose 113*n = 130*n - a. What is the tens digit of n?
3
Suppose 37859 + 34085 = 17*j. What is the thousands digit of j?
4
Let t be 2*((6 - 4) + 1). Suppose 0 = s + b - 11, 2*s + 0*b - 5*b = -t. Suppose -c + 113 = -s. What is the hundreds digit of c?
1
Let l be (64/40)/((-2)/5). Let o be l/((-8)/(-14))*-1. Suppose 6 = 10*v - o*v. What is the units digit of v?
2
Let o = -12450 - -63571. What is the ten thousands digit of o?
5
Let h be 626 - (0 + -5 + 10). Let r = h - 337. What is the hundreds digit of r?
2
Let i(y) = -18*y + 9 - 6*y - 12*y + 5*y. Let t be i(-3). Let r = t - 73. What is the tens digit of r?
2
Let m = -65 - -67. What is the hundreds digit of 5/m*(4230/25 + -4)?
4
Suppose 0 = -5*a - 5*j, -5*a + 2*j - 8 = -9*a. Suppose a*k = -2*k + 126. Let b = 177 - k. What is the hundreds digit of b?
1
Suppose -10989*w + 10979*w + 12740 = 0. What is the hundreds digit of w?
2
Let x = 2089 + -845. Let g = x - 228. What is the hundreds digit of g?
0
Suppose 36066 = 5*t - 4*d, -23*d = -t - 28*d + 7248. What is the hundreds digit of t?
2
Let l be (5 - 1287/(-12) - 3)*4. Let i = l - -167. What is the hundreds digit of i?
6
Let z = -23985 - -55072. What is the tens digit of z?
8
Let m(t) = -9*t**3 + 12*t + 38. Let g be m(-5). Suppose 14*y - 59 = g. What is the tens digit of y?
8
Let r = -33 + -26. Let f = 59 + r. Suppose -2*g = -t + 86, f*g - g - 448 = -5*t. What is the tens digit of t?
9
What is the tens digit of ((-38934)/(-30))/((-17)/(-85))?
8
Let l = 5267 + -3179. What is the units digit of l?
8
Suppose 2*f = -d + 14620, -2*d + 29246 = 39*f - 41*f. What is the tens digit of d?
2
Let p = 13838 - 9784. What is the thousands digit of p?
4
Let q(w) = -2*w + 14. Let c be q(5). Suppose c*v - 4*a = 484, -4*a - 3 = 17. Suppose -v = -3*z + z. What is the units digit of z?
8
Suppose -3*w + 192 = -4*i, 0 = 4*i + 10*w - 6*w + 220. Let o = i + 53. What is the units digit of (1 + 312/2)*(3 - o)?
7
Suppose 0 = 5*a, -4*b = -4*a - 7 + 67. What is the tens digit of b/(-35) + 23040/42?
4
Let n(s) = -3*s**3 + 18*s**2 - 101*s - 14. What is the thousands digit of n(-10)?
5
Let f = 8 - 20. Let o be ((-5817)/f)/7*12 - 1. Suppose -6*n = 272 - o. What is the tens digit of n?
9
Suppose 0 = 6*g - 5*g - 5. Suppose -g*y - 88 = 4*k - y, -4*k - 60 = -3*y. Let s = k + 42. What is the units digit of s?
4
Let c be 0 + -2 - (1 + (-5 - -2)). Suppose 4*k - k - 105 = c. Suppose 3*o - 76 - k = 0. What is the units digit of o?
7
Suppose 3*r - 5*r = -310. Let x(u) = 3*u**2 + 9*u - 20. Let d be x(-8). Let k = r - d. What is the tens digit of k?
5
Suppose -3*b - 18 = 0, 5*w - 3035 - 6414 = -b. What is the units digit of w?
1
Let p be (5/(-15) - 4/6)*4. Let b be 6/p*301/(-21)*2. Let o = b + 85. What is the units digit of o?
8
Suppose 0 = 3*k + 3*s - 15741, 5*s - 15901 = -3*k - 150. What is the units digit of k?
2
Suppose 5*j - 2450 = 550. Suppose -20*m + 25*m = j. What is the tens digit of m?
2
Let t(v) = 3*v**3 + 18 - 5*v**3 - 6 + 3*v**3 - 13*v**2 - 29*v - 3*v**3. What is the thousands digit of t(-11)?
1
Suppose 0 = -k - 38 + 204. Suppose 119 + k = x. Suppose 10*h = x + 415. What is the tens digit of h?
7
Suppose -2*b - 18*o + 19172 = -21*o, -2*o - 28773 = -3*b. What is the thousands digit of b?
9
Let r be (-3)/(-9) + (2/(-3))/(-1). Let x be 1*(r/2 + (-5)/10). Suppose -5*l + x*k = 4*k - 419, -5*l + 443 = -2*k. What is the tens digit of l?
8
Let p = 12865 + -7444. Suppose -18*i = -p - 915. What is the tens digit of i?
5
Let k = -10087 - -18512. What is the tens digit of k?
2
Let w be 3 - ((-6)/(-5))/(29/(-435)). Suppose -w*d - 6*d = -17955. What is the hundreds digit of d?
6
Let d = 9266 - 6836. What is the tens digit of d?
3
Let u(v) be the third derivative of -7/3*v**3 + 17*v**2 + 0*v + 2/3*v**4 + 0. What is the units digit of u(8)?
4
Let v(d) = d**2 + 3*d - 155. Suppose t + 2*z = 0, -2*t - z = 2*z. Let f be v(t). What is the units digit of f/(-2) - (-1)/2?
8
What is the hundreds digit of 2 - (1215085/(-292))/((-2)/(-8))?
6
Suppose 0 = -4*f - 0*f + 6724. Suppose 4*h + 605 = f. Let l = 399 - h. What is the hundreds digit of l?
1
Let u be (276/(-10))/(3/(-15)). Suppose u = -g + 466. What is the hundreds digit of g?
3
Suppose 0 = 16*s - 11*s + 35, 0 = -4*x + 8*s + 107300. What is the tens digit of x?
1
Let v(j) = 176*j - 129. Let a be v(12). Suppose -a + 453 = -10*r. What is the units digit of r?
3
Suppose -r + 1146 = -h, -46*r - 3*h = -50*r + 4588. What is the thousands digit of r?
1
Let t be (4/(-3))/(4 - (-938)/(-231)). Let y(q) = 3*q**2 - 51*q + 52. What is the tens digit of y(t)?
8
Let o = 165 + -442. Let r = 552 + o. What is the units digit of r?
5
Let t be ((-6 - -4)*(-60)/8)/1. Suppose m = t*m - 7994. What is the tens digit of m?
7
Let s be (0 - -1)*(160 + -11). Suppose 0 = -4*a + 5 - s. What is the hundreds digit of (-730)/(-6) + 1 - (-24)/a?
1
Let c(b) = 4863*b**2 - 101*b + 102. What is the hundreds digit of c(1)?
8
Let c(y) = 8*y + 115. Let g be c(-23). Suppose -3*s + 2*s + 341 = 3*r, -209 = -2*r + 3*s. Let t = r + g. What is the units digit of t?
3
Let f(n) = 1249*n - 4786. What is the tens digit of f(37)?
2
Let f = -24982 - -25625. What is the hundreds digit of f?
6
Let h be (2/(-5))/(12/(-60)). What is the hundreds digit of (-3 + h - 3) + 190?
1
Let x(l) = -26*l + 5. Let i be x(2). Let m(z) = -z**3 - 7*z**2 - 8*z + 13. Let n be m(-7). Let f = n + i. What is the units digit of f?
2
Suppose -21*o + 381703 = -643874. What is the hundreds digit of o?
8
Let m = 187 + -20. Let u = m - 46. What is the units digit of u?
1
Let u(s) = -5*s - 27. Let q be u(-6). Suppose -q*f + 0 + 39 = 0. What is the tens digit of f?
1
Let b = 96 + -93. Suppose 0 = o + l - 60, b*o - 2*o + 3*l = 54. Suppose 5*v = 368 - o. What is the tens digit of v?
6
Let m(f) = -f**3 + 24*f**2 - 25*f + 20. Suppose 10*d - 14*d = -4*i - 96, 2*d - 57 = 5*i. What is the hundreds digit of m(d)?
8
Let j(k) = -5*k**3 + 2*k**2 + 7*k + 5. Suppose -3*u - 11 = -5*h, -2*u - 3*h = -0*u + 1. Let z be j(u). What is the units digit of 9/(-2)*(-286)/z?
3
Let k be 2 - (32/48)/((-2)/3). What is the units digit of 5 + -10 + k - -583?
1
Suppose 0 = k - 1, -r - 4 + 46 = k. Let s(c) = c**3 - 42*c**2 + 59*c - 31. What is the hundreds digit of s(r)?
7
Let z be -53 + (-2)/(0 - (-2)/(-1)). Let f be z/78 + (14/3 - 1). Suppose -d - 2*o + 106 = 0, -4*d - d + 530 = f*o. What is the units digit of d?
6
Suppose 5*o + 150 = 5*a - a, 0 = 4*o + 2*a + 146. Suppose -8*r + 480 = -496. Let d = r - o. What is the hundreds digit of d?
1
Suppose 4*c - 13283 = 5*j, 6*j - 3*j + 9966 = 3*c. What is the units digit of c?
7
Let r(n) = -n**3 - 9*n**2 + 21*n - 16. Let p be r(-11). Let m(t) = -3*t**2 - 7 - 1 - 9 - t**3 - 9*t. What is the tens digit of m(p)?
7
Let u be 194 + 18/(3 - -6). Let j = 982 + u. What is the hundreds digit of j?
1
Suppose -289*v - 52312 = -298*v - 166. What is the tens digit of v?
9
Let r be -14*(68/63 + (-2)/9). What is the hundreds digit of r*((-133)/4 + 6)?
3
Suppose 2*u - 12 = -6. Suppose u = -x + 6. Suppose 144 = 4*v + v - 2*y, 0 = -x*v + 5*y + 94. What is the units digit of v?
8
Suppose 27*x - 119210 = 8*x - 7*x. What is the hundreds digit of x?
5
Let w be (-63)/(-28)*(-8)/(-6). Suppose w*z - 2*k - 6 = 0, 3*z - 4*z + 2 = -3*k. Suppose -240 = -z*b + 16. What is the units digit of b?
8
Suppose 0 = -4*v + 12, -3*q + 5*v - 295 = q. Let o be 132*((-2)/20 - (-28)/q). Let l = 116 + o. What is the units digit of l?
0
Let j(a) = -2*a + 101. Let i be j(11). Let c = 481 - i. What is the units digit